- 9*v + 11. What are the prime factors of x(-6)?
11, 19, 37
Suppose 9*q - 5579 + 1457 = 0. Suppose -38*u - q = -40*u. Let p = -142 + u. What are the prime factors of p?
3, 29
What are the prime factors of (-7393608)/(-168) + (-3)/(-7)?
2, 3, 5, 163
Let w = -88221 - -149946. What are the prime factors of w?
3, 5, 823
Suppose -103*t = -102*t - 6, 2*y - 5*t - 29414 = 0. What are the prime factors of y?
2, 17, 433
Let v = 959 + 1918. Suppose 12*m - 13035 = v. What are the prime factors of m?
2, 3, 13, 17
Suppose 0 = -7*r + 10*r + 12. List the prime factors of (13 + r)*(-89)/(-3).
3, 89
Suppose -3169 = -10*q + 1571. Let p = q - 323. What are the prime factors of p?
151
Suppose -x = -5*u + 955, -4*x - 3*u = u + 3868. Let s = -650 - x. What are the prime factors of s?
3, 5, 7
Let z = -30 - -15. Let v be (z/(-5))/((-3)/(-18)). Suppose -2*m = 4*t - 188, -3*t - v = -2*m + 156. List the prime factors of m.
2, 3, 5
Suppose 169*j + 327067 = 2926625. List the prime factors of j.
2, 7691
Suppose -240*h + 321*h = 7371. List the prime factors of h.
7, 13
Let d = -8 + 7. Let q be 50/400 + (-62)/(-16). What are the prime factors of (d - q)/((-93)/30 - -3)?
2, 5
Suppose 9*k = 14*k - l - 69072, 13822 = k - 4*l. List the prime factors of k.
2, 6907
What are the prime factors of (0 - 0) + 851 + -38 + 40?
853
Let b(r) be the first derivative of 1/3*r**3 + 3/2*r**4 - 11 + 0*r**2 + 0*r. What are the prime factors of b(1)?
7
Let w(h) be the first derivative of -5/2*h**2 + 5*h + h**3 + 10 + 1/4*h**4. List the prime factors of w(3).
2, 11
Let j(n) = -9*n - 9. Let c be j(-4). Suppose -20*r - 1869 = -c*r. What are the prime factors of r?
3, 89
Let k = -762 - -376. Let b = k - -892. List the prime factors of b.
2, 11, 23
Let y be 735/(-30)*(-18)/21. Suppose 18846 - 7044 = y*u. List the prime factors of u.
2, 281
Suppose -15 = -6*w + w, -5*c + w - 7163 = 0. What are the prime factors of c*(175/(-28) + 6)?
2, 179
Suppose 2*x = -2, 0 = -7*w + 4*w + 5*x + 91661. List the prime factors of w.
2, 3, 19, 67
Suppose -246 + 71 = -25*g. Suppose 6*k + g*k = 7137. What are the prime factors of k?
3, 61
Let r = 31 + 11. Let a = 46 - r. Suppose 6*s + 2*j = 5*s + 184, 4*s = a*j + 772. What are the prime factors of s?
2, 5, 19
Let j = 5561 - 4280. What are the prime factors of j?
3, 7, 61
Let r = 25553 - 6878. What are the prime factors of r?
3, 5, 83
Suppose 0 = 2*i - 2*o - 2414 - 3336, 2*o = -i + 2875. List the prime factors of i.
5, 23
Let g(o) = -1108*o + 478. List the prime factors of g(-14).
2, 3, 5, 13, 41
Suppose 0 = 4*d - f + 5*f - 164, -f + 121 = 3*d. Let r be ((-5)/(-3))/((-1)/9). List the prime factors of d/r*69/(-2).
2, 23
Let z be 5/25 + (-231)/5. Let f = z + 49. Suppose -f*b + 4 = -5. What are the prime factors of b?
3
Suppose -2 - 12 = y - 4*b, -3*b + 18 = -2*y. What are the prime factors of -1 - (y - 3138/2*1)?
2, 787
Let y be 7/(35/135) - -3*1. Suppose 8168 - 878 = y*m. What are the prime factors of m?
3
Let z be (26/(-14) - -1)/(26/(-546)). Suppose -z*t + 1016 = -460. List the prime factors of t.
2, 41
Let f(z) = 407*z**2 + 166*z + 1278. List the prime factors of f(-8).
2, 3, 7, 619
Let a = -13826 - -20487. List the prime factors of a.
6661
Let o be (-4 - 4/((-32)/36))*7202. Suppose 0 = 4*y + b - o, 2*b - 1902 = 5*y - 6400. What are the prime factors of 5 - (-2 - y/3)?
307
Let l(a) = -4*a**2 + 2*a**3 - 4*a**2 - 7*a**2 + 14 - a**3 - 31*a. List the prime factors of l(19).
11, 79
Suppose 22*y + 1456063 = 125*y - 2143375. List the prime factors of y.
2, 101, 173
Let s(j) = -29*j - 16. Let y(m) = 15*m + 8. Let p(w) = -3*s(w) - 7*y(w). Let k be p(-3). Suppose 5*l - 249 - k = 0. What are the prime factors of l?
59
Let o(q) = -5*q + 12. Let s be o(2). Let p be (1 - 7 - -5)/(s/4). What are the prime factors of (34 + -6)/7 - 14/p?
11
Let a = -345 - -14669. List the prime factors of a.
2, 3581
Suppose 477800 = 64*f + 7255 - 516143. What are the prime factors of f?
3, 571
Let h(s) = 6*s**3 + 4*s**2 + 58*s + 23. What are the prime factors of h(7)?
2683
Suppose -3*t + 5*d - 25 = 0, -5 - 10 = -2*t - 3*d. List the prime factors of t + 5 + 838/(-3)*-3.
3, 281
Let s = 14072 + -8999. List the prime factors of s.
3, 19, 89
Suppose 0 = -3*n - 3*d + 19017, 2629 = 2*n - 3*d - 10079. What are the prime factors of n?
3, 5, 47
Let q = 10189 + -8293. What are the prime factors of q?
2, 3, 79
List the prime factors of 25631 - (-43)/(258/(-84)).
3, 8539
Let i(p) be the third derivative of 5*p**4/24 + 65*p**3/6 + 243*p**2. What are the prime factors of i(3)?
2, 5
Let j(m) = -m - 1. Let t = 86 + -79. Suppose 2*v + 30 = -3*l + t*l, -5*l = -v - 30. What are the prime factors of j(v)?
2
Suppose -4*k - 4 = -12, 0 = -2*l + 4*k - 8. Suppose l*g = -11*g. Suppose v - 4 - 57 = g. What are the prime factors of v?
61
Suppose -4*r + 47 = 3*b, 2*b - r = 4*r - 7. List the prime factors of b/(18/(-14)) + 1529.
2, 761
Let h(k) = -154*k**3 - 4*k**2 + 2*k + 7. Let p = -259 + 257. What are the prime factors of h(p)?
23, 53
Let q(s) = -2*s**3 - 2*s - 5. Let j = -23 - -34. Suppose -4*c + 10 = 3*p + 2, -4*p - c - j = 0. List the prime factors of q(p).
131
Suppose -45*f = -40*f - 3915. Suppose f*l - 778*l - 1335 = 0. What are the prime factors of l?
3, 89
Let s = 364 - 367. Let k(q) be the first derivative of 22*q**3/3 + 4*q**2 + 8*q + 9. What are the prime factors of k(s)?
2, 7, 13
Suppose -24*y + 4*y + 640 = 0. List the prime factors of 6/(-12)*-37*y.
2, 37
Let g(l) = l - 2. Let b be g(5). Suppose 1 = b*k - 203. Suppose 5*m - 3*m - k = 2*i, 4*m - 5*i - 138 = 0. List the prime factors of m.
2
Suppose 0*v + 6027 = -7*v. Let b = 1233 + v. List the prime factors of b.
2, 3, 31
Let f be (24/(-8) + 758)*(-4)/(-10). Let b = f + 3. What are the prime factors of b?
5, 61
Let i be -1 - -2 - (0 - 3). Suppose d = -i - 192. List the prime factors of 4/10 + d/(-35).
2, 3
Let x be 2/7 + 658/98. Suppose -x*g + 121 = 9. Suppose -15*c + g*c - 62 = 0. What are the prime factors of c?
2, 31
Let s be (11 - 1)/(-6 + 7 - -1). Suppose -3*y - s = -w, w - 3*w - 12 = 5*y. What are the prime factors of ((-1)/((-6)/1692))/(w + 3)?
3, 47
Let n be 2 - (-1 + 1/(2/22)). Let z(j) = j + 12. Let s be z(n). Let v(q) = 7*q**2 - q + 2. What are the prime factors of v(s)?
2, 5, 11
Suppose 16906 = 492*p - 490*p. List the prime factors of p.
79, 107
Suppose 0 = -6*v - 10*v + 128. Let a(m) = -20*m + 325. List the prime factors of a(v).
3, 5, 11
Suppose -h - 548535 = -35*h - 161*h. List the prime factors of h.
29, 97
Suppose 2*u - 2*c = 18468, 1339*u - 1342*u + 4*c + 27697 = 0. List the prime factors of u.
9239
Let s(a) = a**2 + 25*a + 88. Let f be s(-21). List the prime factors of 3 - (-9)/(-2) - (-2622)/f.
2, 3, 109
Suppose 18*p = 24*p - 9570. What are the prime factors of p?
5, 11, 29
Let g(v) = -v**3 - 12*v**2 + 25*v + 800. What are the prime factors of g(-19)?
2, 23, 31
Suppose 5*f + 657 = 5*q + 2*f, 0 = 4*q + 4*f - 500. Suppose -497 = 122*k - q*k. List the prime factors of k.
71
Let j(p) = p + 1. Let y be j(7). Let w = 16 - y. Suppose w*k - 48 - 240 = 0. List the prime factors of k.
2, 3
Let s be 291 + 7/((-56)/48). Let g = s + 369. What are the prime factors of g?
2, 3, 109
Let j = -93 + 93. Suppose -3*g = 4*l - 23, 2*l - g - 9 = -j*l. Let n(b) = 40*b + 18. List the prime factors of n(l).
2, 109
Let i = -720 + 1063. Let d = i - 58. Suppose -j = -3*r + d, -6*r - 5*j + 455 = -r. What are the prime factors of r?
2, 47
Suppose 0*g - 56*g + 208317 = -25483. What are the prime factors of g?
5, 167
What are the prime factors of 5629770/1728 - (-8)/256?
2, 3, 181
Suppose -42*j = -8*j - 21666 + 3646. What are the prime factors of j?
2, 5, 53
Let o(n) = 46*n**3 - 8 + 13 - 2*n**2 + 6*n + 0*n**3 - 9. List the prime factors of o(2).
2, 23
Suppose j - 2*x - 263 = 0, -3*j - 5*x + 4*x + 810 = 0. Suppose 0 = 4*y + 3*a - 1201, a + 872 - j = 2*y. What are the prime factors of y?
7, 43
Let w = 18283 - 8079. List the prime factors of w.
2, 2551
Let q(o) = 480*o + 3. Let r be q(6). Suppose 10*w = r + 507. What are the prime factors of w?
3, 113
Let z be 25/((-100)/1752) + 0/(-1). Let q = -170 - z. Let f = 402 - q. List the prime factors of f.
2, 67
Suppose 53*y + 7710 = 63*y. Let q = -399 + y. List the prime factors of q.
2, 3, 31
Let t(z) = -138*z - 958. What are the prime fa